{"id":3605,"date":"2018-09-25T23:33:12","date_gmt":"2018-09-25T21:33:12","guid":{"rendered":"http:\/\/localhost\/library\/?page_id=3605"},"modified":"2025-06-10T18:27:43","modified_gmt":"2025-06-10T16:27:43","slug":"livres-electroniques","status":"publish","type":"page","link":"https:\/\/bu.usthb.dz\/?page_id=3605","title":{"rendered":"E-Books"},"content":{"rendered":"\n<h4><a href=\"https:\/\/sites.google.com\/view\/ebooks-bu\/sp%C3%A9cialit%C3%A9s\" target=\"_blank\" rel=\"noreferrer noopener\">Ebooks de la biblioth\u00e8que en 2020 \/de toutes sp\u00e9cialit\u00e9s<\/a><\/h4>\n\n\n\n<h4><\/h4>\n\n\n\n<div class=\"wp-block-columns\">\n<div class=\"wp-block-column\" style=\"flex-basis:33%\">\n<ul><li><a href=\"https:\/\/sites.google.com\/view\/ebooks-bu\/sp%C3%A9cialit%C3%A9s\/biologie?authuser=0\"><strong>BIOLOGIE<\/strong><\/a><\/li><li><a href=\"https:\/\/sites.google.com\/view\/ebooks-bu\/sp%C3%A9cialit%C3%A9s\/chimie?authuser=0\"><strong>CHIMIE<\/strong><\/a><\/li><li><a href=\"https:\/\/sites.google.com\/view\/ebooks-bu\/sp%C3%A9cialit%C3%A9s\/electronique?authuser=0\"><strong>ELECTRONIQUE<\/strong><\/a><\/li><\/ul>\n<\/div>\n\n\n\n<div class=\"wp-block-column\" style=\"flex-basis:33.33%\">\n<ul><li><a href=\"https:\/\/sites.google.com\/view\/ebooks-bu\/sp%C3%A9cialit%C3%A9s\/g%C3%A9nie-civil?authuser=0\"><strong>G\u00c9NIE CIVIL<\/strong><\/a><\/li><li><a href=\"https:\/\/sites.google.com\/view\/ebooks-bu\/sp%C3%A9cialit%C3%A9s\/g%C3%A9nie-m%C3%A9canique?authuser=0\"><strong>G\u00c9NIE M\u00c9CANIQUE<\/strong><\/a><\/li><li><a href=\"https:\/\/sites.google.com\/view\/ebooks-bu\/sp%C3%A9cialit%C3%A9s\/informatique?authuser=0\"><strong>INFORMATIQUE<\/strong><\/a><\/li><\/ul>\n<\/div>\n\n\n\n<div class=\"wp-block-column\" style=\"flex-basis:33.33%\">\n<ul><li><a href=\"https:\/\/sites.google.com\/view\/ebooks-bu\/sp%C3%A9cialit%C3%A9s\/math%C3%A9matique?authuser=0\"><strong>MATH\u00c9MATIQUE<\/strong><\/a><\/li><li><a href=\"https:\/\/sites.google.com\/view\/ebooks-bu\/sp%C3%A9cialit%C3%A9s\/physique?authuser=0\"><strong>PHYSIQUE<\/strong><\/a><\/li><li><a href=\"https:\/\/sites.google.com\/view\/ebooks-bu\/sp%C3%A9cialit%C3%A9s\/sciences-de-la-terre?authuser=0\"><strong>SCIENCES DE LA TERRE<\/strong><\/a><\/li><\/ul>\n<\/div>\n<\/div>\n\n\n\n<p><\/p>\n\n\n\n<figure class=\"wp-block-gallery columns-6 is-cropped\"><ul class=\"blocks-gallery-grid\"><li class=\"blocks-gallery-item\"><figure><img loading=\"lazy\" width=\"205\" height=\"300\" src=\"https:\/\/bu.usthb.dz\/wp-content\/uploads\/2021\/05\/Pages-de-nl2231-205x300.jpg\" alt=\"\" data-id=\"5909\" data-full-url=\"https:\/\/bu.usthb.dz\/wp-content\/uploads\/2021\/05\/Pages-de-nl2231.jpg\" data-link=\"https:\/\/bu.usthb.dz\/?attachment_id=5909\" class=\"wp-image-5909\" srcset=\"https:\/\/bu.usthb.dz\/wp-content\/uploads\/2021\/05\/Pages-de-nl2231-205x300.jpg 205w, https:\/\/bu.usthb.dz\/wp-content\/uploads\/2021\/05\/Pages-de-nl2231-700x1024.jpg 700w, https:\/\/bu.usthb.dz\/wp-content\/uploads\/2021\/05\/Pages-de-nl2231-768x1124.jpg 768w, https:\/\/bu.usthb.dz\/wp-content\/uploads\/2021\/05\/Pages-de-nl2231.jpg 969w\" sizes=\"(max-width: 205px) 100vw, 205px\" \/><\/figure><\/li><li class=\"blocks-gallery-item\"><figure><img loading=\"lazy\" width=\"199\" height=\"300\" src=\"https:\/\/bu.usthb.dz\/wp-content\/uploads\/2021\/05\/Pages-de-nl2229-199x300.jpg\" alt=\"\" data-id=\"6026\" data-full-url=\"https:\/\/bu.usthb.dz\/wp-content\/uploads\/2021\/05\/Pages-de-nl2229.jpg\" data-link=\"https:\/\/bu.usthb.dz\/?attachment_id=6026\" class=\"wp-image-6026\" srcset=\"https:\/\/bu.usthb.dz\/wp-content\/uploads\/2021\/05\/Pages-de-nl2229-199x300.jpg 199w, https:\/\/bu.usthb.dz\/wp-content\/uploads\/2021\/05\/Pages-de-nl2229-678x1024.jpg 678w, https:\/\/bu.usthb.dz\/wp-content\/uploads\/2021\/05\/Pages-de-nl2229-768x1159.jpg 768w, https:\/\/bu.usthb.dz\/wp-content\/uploads\/2021\/05\/Pages-de-nl2229.jpg 952w\" sizes=\"(max-width: 199px) 100vw, 199px\" \/><\/figure><\/li><li class=\"blocks-gallery-item\"><figure><img loading=\"lazy\" width=\"212\" height=\"300\" src=\"https:\/\/bu.usthb.dz\/wp-content\/uploads\/2021\/05\/Pages-de-nl2222-212x300.jpg\" alt=\"\" data-id=\"6017\" data-full-url=\"https:\/\/bu.usthb.dz\/wp-content\/uploads\/2021\/05\/Pages-de-nl2222-scaled.jpg\" data-link=\"https:\/\/bu.usthb.dz\/?attachment_id=6017\" class=\"wp-image-6017\" srcset=\"https:\/\/bu.usthb.dz\/wp-content\/uploads\/2021\/05\/Pages-de-nl2222-212x300.jpg 212w, https:\/\/bu.usthb.dz\/wp-content\/uploads\/2021\/05\/Pages-de-nl2222-724x1024.jpg 724w, https:\/\/bu.usthb.dz\/wp-content\/uploads\/2021\/05\/Pages-de-nl2222-768x1086.jpg 768w, https:\/\/bu.usthb.dz\/wp-content\/uploads\/2021\/05\/Pages-de-nl2222-1086x1536.jpg 1086w, https:\/\/bu.usthb.dz\/wp-content\/uploads\/2021\/05\/Pages-de-nl2222-1448x2048.jpg 1448w, https:\/\/bu.usthb.dz\/wp-content\/uploads\/2021\/05\/Pages-de-nl2222-scaled.jpg 1811w\" sizes=\"(max-width: 212px) 100vw, 212px\" \/><\/figure><\/li><li class=\"blocks-gallery-item\"><figure><img loading=\"lazy\" width=\"216\" height=\"300\" src=\"https:\/\/bu.usthb.dz\/wp-content\/uploads\/2021\/05\/Pages-de-nl2215-216x300.jpg\" alt=\"\" data-id=\"6013\" data-full-url=\"https:\/\/bu.usthb.dz\/wp-content\/uploads\/2021\/05\/Pages-de-nl2215-scaled.jpg\" data-link=\"https:\/\/bu.usthb.dz\/?attachment_id=6013\" class=\"wp-image-6013\" srcset=\"https:\/\/bu.usthb.dz\/wp-content\/uploads\/2021\/05\/Pages-de-nl2215-216x300.jpg 216w, https:\/\/bu.usthb.dz\/wp-content\/uploads\/2021\/05\/Pages-de-nl2215-737x1024.jpg 737w, https:\/\/bu.usthb.dz\/wp-content\/uploads\/2021\/05\/Pages-de-nl2215-768x1067.jpg 768w, https:\/\/bu.usthb.dz\/wp-content\/uploads\/2021\/05\/Pages-de-nl2215-1106x1536.jpg 1106w, https:\/\/bu.usthb.dz\/wp-content\/uploads\/2021\/05\/Pages-de-nl2215-1475x2048.jpg 1475w, https:\/\/bu.usthb.dz\/wp-content\/uploads\/2021\/05\/Pages-de-nl2215-scaled.jpg 1843w\" sizes=\"(max-width: 216px) 100vw, 216px\" \/><\/figure><\/li><li class=\"blocks-gallery-item\"><figure><img loading=\"lazy\" width=\"241\" height=\"300\" src=\"https:\/\/bu.usthb.dz\/wp-content\/uploads\/2021\/05\/Pages-de-nl2238-241x300.jpg\" alt=\"\" data-id=\"5985\" data-full-url=\"https:\/\/bu.usthb.dz\/wp-content\/uploads\/2021\/05\/Pages-de-nl2238.jpg\" data-link=\"https:\/\/bu.usthb.dz\/?attachment_id=5985\" class=\"wp-image-5985\" srcset=\"https:\/\/bu.usthb.dz\/wp-content\/uploads\/2021\/05\/Pages-de-nl2238-241x300.jpg 241w, https:\/\/bu.usthb.dz\/wp-content\/uploads\/2021\/05\/Pages-de-nl2238-823x1024.jpg 823w, https:\/\/bu.usthb.dz\/wp-content\/uploads\/2021\/05\/Pages-de-nl2238-768x956.jpg 768w, https:\/\/bu.usthb.dz\/wp-content\/uploads\/2021\/05\/Pages-de-nl2238-1235x1536.jpg 1235w, https:\/\/bu.usthb.dz\/wp-content\/uploads\/2021\/05\/Pages-de-nl2238-1646x2048.jpg 1646w, https:\/\/bu.usthb.dz\/wp-content\/uploads\/2021\/05\/Pages-de-nl2238.jpg 1720w\" sizes=\"(max-width: 241px) 100vw, 241px\" \/><\/figure><\/li><li class=\"blocks-gallery-item\"><figure><img loading=\"lazy\" width=\"207\" height=\"300\" src=\"https:\/\/bu.usthb.dz\/wp-content\/uploads\/2021\/05\/Pages-de-nl1458-1-207x300.jpg\" alt=\"\" data-id=\"5966\" data-full-url=\"https:\/\/bu.usthb.dz\/wp-content\/uploads\/2021\/05\/Pages-de-nl1458-1.jpg\" data-link=\"https:\/\/bu.usthb.dz\/?attachment_id=5966\" class=\"wp-image-5966\" srcset=\"https:\/\/bu.usthb.dz\/wp-content\/uploads\/2021\/05\/Pages-de-nl1458-1-207x300.jpg 207w, https:\/\/bu.usthb.dz\/wp-content\/uploads\/2021\/05\/Pages-de-nl1458-1-705x1024.jpg 705w, https:\/\/bu.usthb.dz\/wp-content\/uploads\/2021\/05\/Pages-de-nl1458-1-768x1115.jpg 768w, https:\/\/bu.usthb.dz\/wp-content\/uploads\/2021\/05\/Pages-de-nl1458-1-1058x1536.jpg 1058w, https:\/\/bu.usthb.dz\/wp-content\/uploads\/2021\/05\/Pages-de-nl1458-1-1410x2048.jpg 1410w, https:\/\/bu.usthb.dz\/wp-content\/uploads\/2021\/05\/Pages-de-nl1458-1.jpg 1524w\" sizes=\"(max-width: 207px) 100vw, 207px\" \/><\/figure><\/li><li class=\"blocks-gallery-item\"><figure><img loading=\"lazy\" width=\"197\" height=\"300\" src=\"https:\/\/bu.usthb.dz\/wp-content\/uploads\/2021\/05\/Pages-de-nl2195-197x300.jpg\" alt=\"\" data-id=\"5958\" data-full-url=\"https:\/\/bu.usthb.dz\/wp-content\/uploads\/2021\/05\/Pages-de-nl2195.jpg\" data-link=\"https:\/\/bu.usthb.dz\/?attachment_id=5958\" class=\"wp-image-5958\" srcset=\"https:\/\/bu.usthb.dz\/wp-content\/uploads\/2021\/05\/Pages-de-nl2195-197x300.jpg 197w, https:\/\/bu.usthb.dz\/wp-content\/uploads\/2021\/05\/Pages-de-nl2195-673x1024.jpg 673w, https:\/\/bu.usthb.dz\/wp-content\/uploads\/2021\/05\/Pages-de-nl2195-768x1168.jpg 768w, https:\/\/bu.usthb.dz\/wp-content\/uploads\/2021\/05\/Pages-de-nl2195.jpg 945w\" sizes=\"(max-width: 197px) 100vw, 197px\" \/><\/figure><\/li><li class=\"blocks-gallery-item\"><figure><img loading=\"lazy\" width=\"212\" height=\"300\" src=\"https:\/\/bu.usthb.dz\/wp-content\/uploads\/2021\/05\/Pages-de-nl1482-212x300.jpg\" alt=\"\" data-id=\"5950\" data-full-url=\"https:\/\/bu.usthb.dz\/wp-content\/uploads\/2021\/05\/Pages-de-nl1482.jpg\" data-link=\"https:\/\/bu.usthb.dz\/?attachment_id=5950\" class=\"wp-image-5950\" srcset=\"https:\/\/bu.usthb.dz\/wp-content\/uploads\/2021\/05\/Pages-de-nl1482-212x300.jpg 212w, https:\/\/bu.usthb.dz\/wp-content\/uploads\/2021\/05\/Pages-de-nl1482-724x1024.jpg 724w, https:\/\/bu.usthb.dz\/wp-content\/uploads\/2021\/05\/Pages-de-nl1482-768x1086.jpg 768w, https:\/\/bu.usthb.dz\/wp-content\/uploads\/2021\/05\/Pages-de-nl1482-1086x1536.jpg 1086w, https:\/\/bu.usthb.dz\/wp-content\/uploads\/2021\/05\/Pages-de-nl1482-1448x2048.jpg 1448w, https:\/\/bu.usthb.dz\/wp-content\/uploads\/2021\/05\/Pages-de-nl1482.jpg 1654w\" sizes=\"(max-width: 212px) 100vw, 212px\" \/><\/figure><\/li><li class=\"blocks-gallery-item\"><figure><img loading=\"lazy\" width=\"225\" height=\"300\" src=\"https:\/\/bu.usthb.dz\/wp-content\/uploads\/2021\/05\/Pages-de-nl1476-225x300.jpg\" alt=\"\" data-id=\"5946\" data-full-url=\"https:\/\/bu.usthb.dz\/wp-content\/uploads\/2021\/05\/Pages-de-nl1476.jpg\" data-link=\"https:\/\/bu.usthb.dz\/?attachment_id=5946\" class=\"wp-image-5946\" srcset=\"https:\/\/bu.usthb.dz\/wp-content\/uploads\/2021\/05\/Pages-de-nl1476-225x300.jpg 225w, https:\/\/bu.usthb.dz\/wp-content\/uploads\/2021\/05\/Pages-de-nl1476-768x1023.jpg 768w, https:\/\/bu.usthb.dz\/wp-content\/uploads\/2021\/05\/Pages-de-nl1476-1153x1536.jpg 1153w, https:\/\/bu.usthb.dz\/wp-content\/uploads\/2021\/05\/Pages-de-nl1476.jpg 1182w\" sizes=\"(max-width: 225px) 100vw, 225px\" \/><\/figure><\/li><li class=\"blocks-gallery-item\"><figure><img loading=\"lazy\" width=\"212\" height=\"300\" src=\"https:\/\/bu.usthb.dz\/wp-content\/uploads\/2021\/05\/Pages-de-nl1451-212x300.jpg\" alt=\"\" data-id=\"5924\" data-full-url=\"https:\/\/bu.usthb.dz\/wp-content\/uploads\/2021\/05\/Pages-de-nl1451.jpg\" data-link=\"https:\/\/bu.usthb.dz\/?attachment_id=5924\" class=\"wp-image-5924\" srcset=\"https:\/\/bu.usthb.dz\/wp-content\/uploads\/2021\/05\/Pages-de-nl1451-212x300.jpg 212w, https:\/\/bu.usthb.dz\/wp-content\/uploads\/2021\/05\/Pages-de-nl1451-724x1024.jpg 724w, https:\/\/bu.usthb.dz\/wp-content\/uploads\/2021\/05\/Pages-de-nl1451-768x1086.jpg 768w, https:\/\/bu.usthb.dz\/wp-content\/uploads\/2021\/05\/Pages-de-nl1451-1087x1536.jpg 1087w, https:\/\/bu.usthb.dz\/wp-content\/uploads\/2021\/05\/Pages-de-nl1451-1449x2048.jpg 1449w, https:\/\/bu.usthb.dz\/wp-content\/uploads\/2021\/05\/Pages-de-nl1451.jpg 1489w\" sizes=\"(max-width: 212px) 100vw, 212px\" \/><\/figure><\/li><li class=\"blocks-gallery-item\"><figure><img loading=\"lazy\" width=\"262\" height=\"300\" src=\"https:\/\/bu.usthb.dz\/wp-content\/uploads\/2021\/05\/Pages-de-nl2196-262x300.jpg\" alt=\"\" data-id=\"5880\" data-full-url=\"https:\/\/bu.usthb.dz\/wp-content\/uploads\/2021\/05\/Pages-de-nl2196.jpg\" data-link=\"https:\/\/bu.usthb.dz\/?attachment_id=5880\" class=\"wp-image-5880\" srcset=\"https:\/\/bu.usthb.dz\/wp-content\/uploads\/2021\/05\/Pages-de-nl2196-262x300.jpg 262w, https:\/\/bu.usthb.dz\/wp-content\/uploads\/2021\/05\/Pages-de-nl2196-893x1024.jpg 893w, https:\/\/bu.usthb.dz\/wp-content\/uploads\/2021\/05\/Pages-de-nl2196-768x881.jpg 768w, https:\/\/bu.usthb.dz\/wp-content\/uploads\/2021\/05\/Pages-de-nl2196-1340x1536.jpg 1340w, https:\/\/bu.usthb.dz\/wp-content\/uploads\/2021\/05\/Pages-de-nl2196-1786x2048.jpg 1786w, https:\/\/bu.usthb.dz\/wp-content\/uploads\/2021\/05\/Pages-de-nl2196.jpg 1836w\" sizes=\"(max-width: 262px) 100vw, 262px\" \/><\/figure><\/li><li class=\"blocks-gallery-item\"><figure><img loading=\"lazy\" width=\"212\" height=\"300\" src=\"https:\/\/bu.usthb.dz\/wp-content\/uploads\/2021\/05\/Pages-de-nl2192-212x300.jpg\" alt=\"\" data-id=\"5892\" data-full-url=\"https:\/\/bu.usthb.dz\/wp-content\/uploads\/2021\/05\/Pages-de-nl2192-scaled.jpg\" data-link=\"https:\/\/bu.usthb.dz\/?attachment_id=5892\" class=\"wp-image-5892\" srcset=\"https:\/\/bu.usthb.dz\/wp-content\/uploads\/2021\/05\/Pages-de-nl2192-212x300.jpg 212w, https:\/\/bu.usthb.dz\/wp-content\/uploads\/2021\/05\/Pages-de-nl2192-724x1024.jpg 724w, https:\/\/bu.usthb.dz\/wp-content\/uploads\/2021\/05\/Pages-de-nl2192-768x1086.jpg 768w, https:\/\/bu.usthb.dz\/wp-content\/uploads\/2021\/05\/Pages-de-nl2192-1086x1536.jpg 1086w, https:\/\/bu.usthb.dz\/wp-content\/uploads\/2021\/05\/Pages-de-nl2192-1448x2048.jpg 1448w, https:\/\/bu.usthb.dz\/wp-content\/uploads\/2021\/05\/Pages-de-nl2192-scaled.jpg 1811w\" sizes=\"(max-width: 212px) 100vw, 212px\" \/><\/figure><\/li><\/ul><\/figure>\n\n\n\n<p><\/p>\n","protected":false},"excerpt":{"rendered":"<p>Ebooks de la biblioth\u00e8que en 2020 \/de toutes sp\u00e9cialit\u00e9s BIOLOGIE CHIMIE ELECTRONIQUE G\u00c9NIE CIVIL G\u00c9NIE M\u00c9CANIQUE INFORMATIQUE MATH\u00c9MATIQUE PHYSIQUE SCIENCES DE LA TERRE<\/p>\n","protected":false},"author":1,"featured_media":0,"parent":3584,"menu_order":0,"comment_status":"closed","ping_status":"closed","template":"","meta":[],"_links":{"self":[{"href":"https:\/\/bu.usthb.dz\/index.php?rest_route=\/wp\/v2\/pages\/3605"}],"collection":[{"href":"https:\/\/bu.usthb.dz\/index.php?rest_route=\/wp\/v2\/pages"}],"about":[{"href":"https:\/\/bu.usthb.dz\/index.php?rest_route=\/wp\/v2\/types\/page"}],"author":[{"embeddable":true,"href":"https:\/\/bu.usthb.dz\/index.php?rest_route=\/wp\/v2\/users\/1"}],"replies":[{"embeddable":true,"href":"https:\/\/bu.usthb.dz\/index.php?rest_route=%2Fwp%2Fv2%2Fcomments&post=3605"}],"version-history":[{"count":8,"href":"https:\/\/bu.usthb.dz\/index.php?rest_route=\/wp\/v2\/pages\/3605\/revisions"}],"predecessor-version":[{"id":6742,"href":"https:\/\/bu.usthb.dz\/index.php?rest_route=\/wp\/v2\/pages\/3605\/revisions\/6742"}],"up":[{"embeddable":true,"href":"https:\/\/bu.usthb.dz\/index.php?rest_route=\/wp\/v2\/pages\/3584"}],"wp:attachment":[{"href":"https:\/\/bu.usthb.dz\/index.php?rest_route=%2Fwp%2Fv2%2Fmedia&parent=3605"}],"curies":[{"name":"wp","href":"https:\/\/api.w.org\/{rel}","templated":true}]}}