{"id":3586,"date":"2018-09-04T21:31:28","date_gmt":"2018-09-04T19:31:28","guid":{"rendered":"http:\/\/localhost\/library\/?page_id=3586"},"modified":"2025-11-13T11:45:38","modified_gmt":"2025-11-13T10:45:38","slug":"catalogues","status":"publish","type":"page","link":"https:\/\/bu.usthb.dz\/?page_id=3586","title":{"rendered":"Catalogs"},"content":{"rendered":"\n<p><\/p>\n\n\n\n<h4> <\/h4>\n\n\n\n<h4><a href=\"http:\/\/catalogue.bu.usthb.dz\/Cataloguebuusthb\/\" target=\"_blank\" rel=\"noreferrer noopener\">Catalogue de la biblioth\u00e8que centrale<\/a> (Gesbu)<\/h4>\n\n\n\n<h4> <a href=\"http:\/\/catalogue.bu.usthb.dz\/\/Cataloguebu\/\" target=\"_blank\" rel=\"noreferrer noopener\">Catalogue Syngeb de la biblioth\u00e8que centrale<\/a> <\/h4>\n\n\n\n<h4><a href=\"http:\/\/bu.usthb.dz\/?-Catalogues\">Catalogues des Facult\u00e9s<\/a><\/h4>\n\n\n\n<p><\/p>\n\n\n\n<ul><li><strong><a rel=\"noreferrer noopener\" href=\"http:\/\/catalogue.bu.usthb.dz\/catalogueelectronique\" target=\"_blank\">Facult\u00e9 d&rsquo;Electronique<\/a><\/strong><\/li><li><a rel=\"noreferrer noopener\" href=\"http:\/\/catalogue.bu.usthb.dz\/catalogueinformatique\" target=\"_blank\"><strong>Facult\u00e9 d&rsquo;Informatique<\/strong><\/a><\/li><li><strong><a rel=\"noreferrer noopener\" href=\"http:\/\/catalogue.bu.usthb.dz\/cataloguemathematique\" target=\"_blank\">Facult\u00e9 des Math\u00e9matiques<\/a><\/strong><\/li><li><strong><a rel=\"noreferrer noopener\" href=\"http:\/\/catalogue.bu.usthb.dz\/cataloguephysique\" target=\"_blank\">Facult\u00e9 de Physique<\/a><\/strong><\/li><li><strong><a rel=\"noreferrer noopener\" href=\"http:\/\/catalogue.bu.usthb.dz\/cataloguechimie\" data-type=\"URL\" target=\"_blank\">Facult\u00e9 de Chimie<\/a><\/strong><\/li><li><strong><a rel=\"noreferrer noopener\" href=\"http:\/\/catalogue.bu.usthb.dz\/cataloguegeniecivil\" data-type=\"URL\" target=\"_blank\">Facult\u00e9 de G\u00e9nie Civil<\/a><\/strong><\/li><li><strong><a href=\"http:\/\/catalogue.bu.usthb.dz\/cat-GMGP\" data-type=\"URL\" target=\"_blank\" rel=\"noreferrer noopener\">Facult\u00e9 de G\u00e9nie M\u00e9canique et g\u00e9nie des Proc\u00e9d\u00e9s <\/a><\/strong><\/li><li><strong><a rel=\"noreferrer noopener\" href=\"http:\/\/catalogue.bu.usthb.dz\/cataloguebiologie\" data-type=\"URL\" target=\"_blank\">Facult\u00e9 des Sciences Biologiques<\/a><\/strong><\/li><li><strong><a rel=\"noreferrer noopener\" href=\"http:\/\/catalogue.bu.usthb.dz\/cataloguesciencesdelaterre\" data-type=\"URL\" target=\"_blank\">Facult\u00e9 des Sciences de la Terre et Am\u00e9nagement<\/a><\/strong><\/li><\/ul>\n\n\n\n<h4><\/h4>\n\n\n\n<p><\/p>\n","protected":false},"excerpt":{"rendered":"<p>Catalogue de la biblioth\u00e8que centrale (Gesbu) Catalogue Syngeb de la biblioth\u00e8que centrale Catalogues des Facult\u00e9s Facult\u00e9 d&rsquo;Electronique Facult\u00e9 d&rsquo;Informatique Facult\u00e9 des Math\u00e9matiques Facult\u00e9 de Physique Facult\u00e9 de Chimie Facult\u00e9 de G\u00e9nie Civil Facult\u00e9 de G\u00e9nie M\u00e9canique et g\u00e9nie des Proc\u00e9d\u00e9s Facult\u00e9 des Sciences Biologiques Facult\u00e9 des Sciences de la Terre et Am\u00e9nagement<\/p>\n","protected":false},"author":1,"featured_media":0,"parent":0,"menu_order":0,"comment_status":"closed","ping_status":"closed","template":"","meta":[],"_links":{"self":[{"href":"https:\/\/bu.usthb.dz\/index.php?rest_route=\/wp\/v2\/pages\/3586"}],"collection":[{"href":"https:\/\/bu.usthb.dz\/index.php?rest_route=\/wp\/v2\/pages"}],"about":[{"href":"https:\/\/bu.usthb.dz\/index.php?rest_route=\/wp\/v2\/types\/page"}],"author":[{"embeddable":true,"href":"https:\/\/bu.usthb.dz\/index.php?rest_route=\/wp\/v2\/users\/1"}],"replies":[{"embeddable":true,"href":"https:\/\/bu.usthb.dz\/index.php?rest_route=%2Fwp%2Fv2%2Fcomments&post=3586"}],"version-history":[{"count":29,"href":"https:\/\/bu.usthb.dz\/index.php?rest_route=\/wp\/v2\/pages\/3586\/revisions"}],"predecessor-version":[{"id":6773,"href":"https:\/\/bu.usthb.dz\/index.php?rest_route=\/wp\/v2\/pages\/3586\/revisions\/6773"}],"wp:attachment":[{"href":"https:\/\/bu.usthb.dz\/index.php?rest_route=%2Fwp%2Fv2%2Fmedia&parent=3586"}],"curies":[{"name":"wp","href":"https:\/\/api.w.org\/{rel}","templated":true}]}}